{"id":83,"date":"2017-04-20T22:12:13","date_gmt":"2017-04-20T22:12:13","guid":{"rendered":"http:\/\/iludis.de\/?p=83"},"modified":"2018-12-24T16:06:43","modified_gmt":"2018-12-24T16:06:43","slug":"ac-coupling-mit-dem-verstaerker","status":"publish","type":"page","link":"https:\/\/iludis.de\/?page_id=83","title":{"rendered":"AC-Coupling mit dem Verst\u00e4rker"},"content":{"rendered":"<p>Heute kam der LMC6482IN-OPV mit der Post. Er ist Rail-to-Rail-Out f\u00e4hig. Damit kann man den unten beschriebenen Transimpedanz-verst\u00e4rker so erweitern, dass man damit seinen Puls messen kann:<\/p>\n<p style=\"text-align: center;\"><em>Abb. 1: Screenshot Serieller Plotter der Arduino-Entwicklungsumgebung<\/em><img loading=\"lazy\" decoding=\"async\" class=\"aligncenter wp-image-85 size-full\" src=\"https:\/\/iludis.de\/wp-content\/uploads\/2017\/04\/HerzSchlag.gif\" alt=\"\" width=\"770\" height=\"438\" \/><\/p>\n<p style=\"text-align: center;\"><em>Abb. 2: Simulierte Schaltung in Multisim Blue<\/em><img loading=\"lazy\" decoding=\"async\" class=\"aligncenter wp-image-86 size-full\" src=\"https:\/\/iludis.de\/wp-content\/uploads\/2017\/04\/HerzSchlagSchaltung.gif\" alt=\"\" width=\"780\" height=\"439\" \/><\/p>\n<p style=\"text-align: left;\">Erl\u00e4uterung der Schaltung:<\/p>\n<p style=\"text-align: left;\">a) Transimpedanzverst\u00e4rker, siehe unten.<\/p>\n<p style=\"text-align: left;\">b) Hochpass: Ein Herzschlag\u00a0ist eine periodische Bewegung. Das Blut wird dabei &#8218;ruckartig&#8216; durch die Gef\u00e4\u00dfe gepumpt. Ist das Blutgef\u00e4\u00df gerade voll, schwillt es an, wird damit dicker und absorbiert mehr Licht. Die perio-dische Bewegung zeigt sich also \u00fcber eine\u00a0periodische Volumen\u00e4nderung in den Blutgef\u00e4\u00dfen als messbare Helligkeits\u00e4nderung. Diese periodische Helligkeits\u00e4nderung wird vom Schaltungsteil a) in eine Wechselspannung umgewandelt.<\/p>\n<p style=\"text-align: left;\">Allerdings ist die Fotodiode dabei niemals komplett abgedunkelt, es bleibt also eine Resthelligkeit, die einen Gleichspannungsanteil erzeugt. Diesen Gleichspannungsanteil muss man entfernen; damit &#8222;sch\u00e4lt&#8220;man quasi den sehr schwachen Wechelspannunganteil heraus. Man spricht von einem &#8218;Filtern&#8216; der Spannung: Der hier verwendete Hochpassfilter sperrt\u00a0die unver\u00e4nderlichen Gleichspannungsanteile, die &#8218;hochfrequenten&#8216; periodischen Spannungsimpulse werden aber durchgelassen.<\/p>\n<p style=\"text-align: left;\">Diese Aufgabe \u00fcbernimmt der Kopplungskondensator mit 2.2\u03bcF. Kondensatoren wirken auf Wechselspannungen wie Widerst\u00e4nde (Blindwiderstand). Dabei gilt zweierlei:<\/p>\n<ul>\n<li style=\"text-align: left;\">Je h\u00f6her die Kapazit\u00e4t des Kondensators, desto geringer ist sein sogenannter &#8218;kapazitiver Blindwiderstand&#8216;.<\/li>\n<li style=\"text-align: left;\">Je h\u00f6her die Frequenz der Wechselspannung, desto geringer ist der &#8218;kapazitive Blindwiderstand&#8216;.<\/li>\n<\/ul>\n<p style=\"text-align: left;\">Die Gr\u00f6\u00dfe des Kondensators muss daher so gew\u00e4hlt werden, dass die zu erwartende Frequenz noch durchgelassen wird, niedrigere Frequenzen aber nicht mehr, bzw. deutlich abgeschw\u00e4cht werden.<\/p>\n<p style=\"text-align: left;\">Auf das gefilterte Wechselspannungssignal (AC-Signal genannt, &#8222;AC&#8220; f\u00fcr &#8222;Alternating Current&#8220;) wird nun noch ein Offset von 2.5Volt gelegt, damit es f\u00fcr den 5Volt-betriebenen zweiten Operationsverst\u00e4rker optimal vorbereitet ist. Diesen 2.5Volt-Offset erzeugen die beiden Reihenwiderst\u00e4nde, die zusammen einen Spannungsteiler bilden.<\/p>\n<p style=\"text-align: left;\">c) AC-Gain: &#8222;Gain&#8220; bedeutet &#8222;Verst\u00e4rkung&#8220;. Da es sich hier um eine Nicht-Invertierende Verst\u00e4rkerschaltung eines Operationsverst\u00e4rkers handelt, besitzt die Verst\u00e4rkung hier den Wert (1+R1\/R2), das ist\u00a0hier etwa (1+100k\u03a9\/4,7k\u03a9) = 22,27. Damit wird das \u00e4u\u00dferst schwache AC-Signal der Herzschlagsmessung verst\u00e4rkt. Der parallel zum 100k\u03a9 -Widerstand geschaltete 1nF-Kondensator filtert hochfrequentes Rauschen &#8211; \u00e4hnlich wie der 10pF-Kondensator in der Transimpedanzstufe.<\/p>\n<p style=\"text-align: left;\">Die Schaltung &#8222;Inverting Amplifier (AC Coupled)&#8220; ist vom Prinzip her in diesem Aufsatz vom MIT (Massachusetts Institute of Technology) sehr sch\u00f6n beschrieben:<\/p>\n<p><a href=\"https:\/\/ocw.mit.edu\/courses\/media-arts-and-sciences\/mas-836-sensor-technologies-for-interactive-environments-spring-2011\/readings\/MITMAS_836S11_read02_bias.pdf\">https:\/\/ocw.mit.edu\/courses\/media-arts-and-sciences\/mas-836-sensor-technologies-for-interactive-environments-spring-2011\/readings\/MITMAS_836S11_read02_bias.pdf<\/a><\/p>\n<p>&nbsp;<\/p>\n","protected":false},"excerpt":{"rendered":"<p>Heute kam der LMC6482IN-OPV mit der Post. Er ist Rail-to-Rail-Out f\u00e4hig. Damit kann man den unten beschriebenen Transimpedanz-verst\u00e4rker so erweitern, dass man damit seinen Puls messen kann: Abb. 1: Screenshot Serieller Plotter der Arduino-Entwicklungsumgebung Abb. 2: Simulierte Schaltung in Multisim Blue Erl\u00e4uterung der Schaltung: a) Transimpedanzverst\u00e4rker, siehe unten. b) Hochpass: Ein Herzschlag\u00a0ist eine periodische Bewegung.&hellip; <\/p>\n<p class=\"toivo-read-more\"><a href=\"https:\/\/iludis.de\/?page_id=83\" class=\"more-link\">Read more <span class=\"screen-reader-text\">AC-Coupling mit dem Verst\u00e4rker<\/span><\/a><\/p>\n","protected":false},"author":2,"featured_media":0,"parent":0,"menu_order":0,"comment_status":"closed","ping_status":"closed","template":"","meta":{"footnotes":""},"class_list":{"0":"post-83","1":"page","2":"type-page","3":"status-publish","5":"entry"},"_links":{"self":[{"href":"https:\/\/iludis.de\/index.php?rest_route=\/wp\/v2\/pages\/83","targetHints":{"allow":["GET"]}}],"collection":[{"href":"https:\/\/iludis.de\/index.php?rest_route=\/wp\/v2\/pages"}],"about":[{"href":"https:\/\/iludis.de\/index.php?rest_route=\/wp\/v2\/types\/page"}],"author":[{"embeddable":true,"href":"https:\/\/iludis.de\/index.php?rest_route=\/wp\/v2\/users\/2"}],"replies":[{"embeddable":true,"href":"https:\/\/iludis.de\/index.php?rest_route=%2Fwp%2Fv2%2Fcomments&post=83"}],"version-history":[{"count":0,"href":"https:\/\/iludis.de\/index.php?rest_route=\/wp\/v2\/pages\/83\/revisions"}],"wp:attachment":[{"href":"https:\/\/iludis.de\/index.php?rest_route=%2Fwp%2Fv2%2Fmedia&parent=83"}],"curies":[{"name":"wp","href":"https:\/\/api.w.org\/{rel}","templated":true}]}}